is the tens digit of a?
3
Suppose a = -a + 480. Suppose 2*x - 41 = 9. Suppose -4*y + 310 = 2*h, 5*h + a + x = 3*y. What is the tens digit of y?
8
What is the tens digit of (17/5)/((-6)/(-30180))?
0
Let h(v) = -v**3 + v**2 + 2*v + 486. Let p be h(0). Suppose 3*u - 21 - p = 0. What is the units digit of u?
9
Let a(i) = -i**2 - 10*i + 12. Let o be a(-11). Let w be (1 + o)/((-11)/(-22)). Suppose -10*c + w*c = -468. What is the tens digit of c?
7
Let s = -89 - -91. Suppose 640 = 3*i + s*z - 0*z, 4*z - 638 = -3*i. What is the units digit of i?
4
Let l = -230 - -250. What is the units digit of ((-456)/l)/((-24)/540)?
3
Let y = 10610 - 5106. What is the units digit of y?
4
Let w(t) = -3*t**2 + 18*t - 47*t + t**3 - 3 - 4 + 22*t. Let h be w(5). What is the units digit of 154/h - (-3)/(-12)?
9
Let q(z) be the first derivative of -25*z**2/2 - 49*z - 14. What is the hundreds digit of q(-43)?
0
Let b = 79703 + -11734. What is the ten thousands digit of b?
6
Let x = 339 - 339. Suppose -b = -4, x = -4*h - 5*b + 1624 + 156. What is the units digit of h?
0
Suppose 9*j + 4*x = 4*j - 380, 2*x + 310 = -4*j. Let r = 210 + j. What is the units digit of r?
0
Let g(m) = -154*m + 3. Let q(r) = 2*r + 19. Let f be q(-10). What is the hundreds digit of g(f)?
1
Suppose 0 = -4*h + 3*l + 15, l = -8*h + 3*h - 5. Suppose -9*k + 11*k - 734 = h. What is the units digit of k?
7
Let n(x) = 41*x**2 - 14*x - 14. Suppose 9*j - 20*j - 22 = 0. What is the tens digit of n(j)?
7
Suppose -1 = -4*b + 11. What is the hundreds digit of b/(-6) - 1875/(-6)?
3
Suppose 50*f - 8759 = 40*f + 25391. What is the hundreds digit of f?
4
Let i(j) = -j**2 + 35*j - 97. Let f be i(3). What is the units digit of (-451 + (4 - f))/(-1)?
6
Let l = 6 - 4. Let z(t) = 11*t**2 + 6*t + 2. Let q(p) = 3*p. Let o(n) = -3*q(n) + z(n). What is the tens digit of o(l)?
4
Let n(w) = w**2 + 17*w - 26. Let r be n(-20). Suppose 0 = 5*i + r - 439. What is the units digit of i?
1
What is the ten thousands digit of (600/16)/75 + 23141/2?
1
Let v = 1238 - 685. Let z = v - -290. What is the tens digit of z?
4
Let w(d) = -d**3 - d**2 + 6*d + 5. Let z = 22 - 25. Let r be w(z). What is the units digit of 3/(-15) + 891/r?
8
Let x(z) = 7*z**3 + 59*z**2 + 64*z - 199. Let i(k) = 4*k**3 + 30*k**2 + 33*k - 100. Let g(d) = -5*i(d) + 3*x(d). What is the hundreds digit of g(-25)?
4
Let j(q) = 49*q + 9748. What is the hundreds digit of j(29)?
1
Suppose -127*j = -20*j - 1287852. What is the thousands digit of j?
2
Let k(y) = y**3 + 27*y**2 - 19*y - 77. Let o be k(-13). Suppose 2*s + o = 2*g, 4*g - s - 5120 = -57. What is the hundreds digit of g?
2
Let y(x) = -x**2 - 13*x + 66. Let r(w) = -2*w**2 - 26*w + 132. Let g(o) = -3*r(o) + 5*y(o). What is the units digit of g(-21)?
2
Let r = -2821 + 4388. What is the units digit of r?
7
Let i(h) be the third derivative of -h**5/30 + 5*h**4/6 - 7*h**3/2 + 3*h**2 - 5. What is the units digit of i(8)?
1
Suppose 21*c + 4278 = 20*c + 5*g, 8563 = -2*c + 3*g. Let n = -2898 - c. What is the thousands digit of n?
1
Let z = 1023 - 269. What is the hundreds digit of z?
7
Let n = 14591 - 5328. What is the thousands digit of n?
9
Let i(n) = -2*n**3 + 46*n**2 + 3*n - 8. What is the hundreds digit of i(7)?
5
Let k = -413 - -650. What is the hundreds digit of k?
2
Suppose 171*h - 24 = 179*h. What is the units digit of ((-1)/2 - 1)*134/h?
7
Suppose -s - 8*n + 25554 = 7751, 5*n = -4*s + 71023. What is the thousands digit of s?
7
Let h be ((-4)/8)/(3*1/204). Let y(z) = z**2 + 14*z + 32. What is the hundreds digit of y(h)?
7
Let d(n) = 39*n**3 - 8*n**2 - 82*n + 598. What is the ten thousands digit of d(7)?
1
Let v(m) = -8*m - 102. Let l be v(-13). What is the units digit of (-6 - -289) + -2 + l?
3
Suppose 49*w - 47971 = 38*w. What is the thousands digit of w?
4
Suppose -5*i - 15 - 10 = 0. Let a(p) = -42*p + 49. What is the hundreds digit of a(i)?
2
Let v = 31 + -22. Suppose -v*t + 615 = -1068. Let i = -25 + t. What is the hundreds digit of i?
1
Suppose -12*g = -11*g - 1, -11 = 4*s - 3*g. What is the hundreds digit of 151 + s + 3 + (-5 - -6)?
1
Let m = -42 - -75. Suppose 5*t - 2*f = -140, 5*t = -3*f - 107 - m. Let w = 2 - t. What is the tens digit of w?
3
Let q(y) = 3*y**2 - 39*y + 458. What is the units digit of q(34)?
0
Let b(r) = -3*r + 4*r + r**2 + 264 - 292. What is the tens digit of b(-7)?
1
Suppose 5*h = -4*h + 18. Let s be (-5*4/(-60))/(h/24). Suppose -x + 237 = s*x - 2*u, 0 = 2*x + 2*u - 92. What is the units digit of x?
7
Let n(l) = l**2 - 23*l + 84. Let u be n(19). Let b(z) be the second derivative of z**5/20 - 2*z**4/3 + 3*z**3/2 - z**2/2 - z. What is the tens digit of b(u)?
7
What is the hundreds digit of 2*(-36158)/(-8) + ((-407)/22)/37?
0
Suppose 5*n + 5*g = 13847 + 66368, 3*g + 16019 = n. What is the tens digit of n?
3
Let c = 59189 - 41010. What is the ten thousands digit of c?
1
Let q be 4 + 2*2/(-4). Suppose -29*g + 30*g = q. Suppose 2*r - 4*v - v - 428 = 0, g*r + 3*v = 642. What is the hundreds digit of r?
2
Let r = -56377 - -88497. What is the units digit of r?
0
Suppose -15*i - 25800 = 19*i - 42*i. What is the hundreds digit of i?
2
Suppose -u = 3*n - 83, -3*u + 231 = -4*n + 47. Let g = -15 + u. What is the units digit of g?
3
Let x = 70 + -75. Let k be -1*2/x + 83/5. Suppose 10*w - k*w = -651. What is the tens digit of w?
9
Let h(v) = v**3 - v**2 - 24*v + 25. Let p be h(10). Let a = -266 + p. What is the hundreds digit of a?
4
What is the tens digit of (-8)/(-18) + -5*(-25518)/270?
7
Suppose 0 = 3*r - 8*r - 25, 4*f = -2*r - 50. Let b = -3 - f. Suppose 0*w - b*w = -175. What is the tens digit of w?
2
Let c = 81272 - 44555. What is the thousands digit of c?
6
Suppose -29 + 14 = -3*h. Suppose 67 = -f + 5*s - 82, -h*s = -2*f - 318. Let c = 345 + f. What is the units digit of c?
6
Let d = 28 + -24. Let h be (-7 - -9)/((-1)/d). Let r(z) = z**3 + 9*z**2 + 4*z + 2. What is the units digit of r(h)?
4
What is the tens digit of (-4 + 664/(-12))*-30?
8
Let x = 11457 - 469. What is the ten thousands digit of x?
1
Let l be 8/((-32)/(-9836)) + (-5)/1. Suppose 2*g = 5*g - 9, -3*d + l = g. What is the hundreds digit of d?
8
Let l be 4*(7 - (3 + 1)). Suppose -5*g = 16*f - l*f - 2257, -2*f + 1148 = -4*g. What is the hundreds digit of f?
5
Suppose -25 = -3*b + 5*n, 5*b + 5*n = -14 - 11. Suppose b = -4*r + 6*r - 618. What is the tens digit of r?
0
Let g be (-8)/6*6/(-4). What is the units digit of (g + (-42)/9)*(-1218)/8?
6
Suppose -3*q - 12*h + 12965 = -7*h, -q + h + 4311 = 0. What is the thousands digit of q?
4
What is the hundreds digit of ((-4)/5 + (-24084)/180)*-15?
0
Let z = -16039 - -30233. What is the thousands digit of z?
4
Suppose 0 = d - 3*m - 31463, 4*d - d = -5*m + 94473. What is the units digit of d?
1
Suppose 0 + 128 = 4*y. Suppose 5*j = 3 + y. Let s = j + 4. What is the tens digit of s?
1
Let y be -8 + -446 + -10 + 2. Let d be (-3 + 2)*(181 - 0). Let x = d - y. What is the tens digit of x?
8
Let x(h) be the second derivative of -31*h**4/12 + h**3/3 - h**2 - 6*h. Let a be x(1). What is the units digit of 2 + (-5 - -3) - a?
1
Suppose 143*b + 49150 = 153*b. What is the hundreds digit of b?
9
Let u = -37546 + 54246. What is the tens digit of u?
0
What is the tens digit of 8/(-14)*(-71065 - -120)?
4
Let g = 22023 - 8951. What is the ten thousands digit of g?
1
Let v = 6903 - 3593. What is the thousands digit of v?
3
Let y(h) = h**3 - 13*h**2 - 23*h - 12. Let q be y(23). Let w = q - 3307. Suppose 428 + w = 10*j. What is the tens digit of j?
8
Suppose s + 997 = 2*x, 4*x - x = 3. Let t = s + 1112. What is the hundreds digit of t?
1
Let l(n) = -32*n**3 - 61*n**2 - 16*n + 23. What is the tens digit of l(-9)?
5
Suppose -4*j = -9*j + 375. Let k = j + 14. Suppose 2*p = 25 + k. What is the tens digit of p?
5
Let m be 226/8 + 19/(-76). Suppose m = 4*o + 96. Let a(n) = 2*n**2 + 25*n + 10. What is the tens digit of a(o)?
6
Suppose -8*v + 162 = 18. Let d be 3/v*34 + 2/6. Suppose -100 = -d*c + 116. What is the units digit of c?
6
Let s = 3318 + -2986. What is the units digit of s?
2
Let x(w) = 5*w**2 + 4*w**2 + 10*w**2 + 3 - 22*w**2 - w + 107*w**3. What is the tens digit of x(1)?
0
Let x be (-4)/6 + (-957)/(-99). Suppose -4*y + 3*c + 1156 = 0, x*c - 12*c = 3*y - 867. What is the units digit of y?
9
Suppose 0 = r - 4*g +